t p be (-1)/(2*(-2)/20). Suppose -g + 22 = p. What is the units digit of g?
7
Let m(y) be the third derivative of -1/6*y**4 - y**2 + 1/3*y**3 + 0 + 0*y + 1/60*y**5. What is the units digit of m(5)?
7
Let h = -12 - -16. Suppose h*l = 2*l + 20. What is the units digit of l?
0
Suppose -4*x = -4*f - x + 21, 0 = -4*x + 4. Suppose 2*y + h - 25 = -9, -y = 4*h + f. What is the units digit of y?
0
Let r be (444/(-20) - 1)*5. Let f = r + 162. What is the tens digit of f?
4
Let s = -2 + 8. What is the units digit of s?
6
Let l = 23 - 9. Suppose -k - k = -l. What is the units digit of k?
7
What is the tens digit of (-222)/4*20/(-30)?
3
Suppose -4*d + c = -583, 6*c - 15 = 3*c. Suppose -3*y - 32 = 4*r - d, 4*y = 5*r + 112. Suppose y = -4*o + 101. What is the units digit of o?
7
Let d(u) = -27*u - 1. What is the units digit of d(-3)?
0
Let k = -860 + 1278. What is the hundreds digit of k?
4
Let u(h) = -6*h + 2 + 0 + 2*h**2 + 3. What is the units digit of u(3)?
5
Suppose 0 = -3*s + s + 96. Suppose -y - 10 = 2*w, 3*w = 2*y - 0*w + s. What is the units digit of (y/(-2))/(6/4)?
6
Let j(b) = b**3 + 7*b**2 + 7*b + 8. Let s be j(-6). Suppose s*a - 102 = -a. Suppose 4*i + l = a, 5*l = 5*i - 0*l - 55. What is the units digit of i?
9
Let a = 14 - 11. What is the tens digit of (-451)/(-22) + a/(-2)?
1
Suppose 296 = 5*f - f. Suppose 79 = 3*t - 0*x + x, -4*x - f = -3*t. What is the tens digit of t?
2
Suppose 4*j - 2*c - 32 = -6*c, 0 = -5*j + c + 16. Let a = 0 - -1. What is the units digit of j*2 + a/1?
9
Suppose 6*g = 5*g - 157. Let c = -110 - g. What is the units digit of c?
7
Let f(i) = -1 - 3*i - 2*i + 2*i. Let k be f(-6). Suppose -k = 5*r - 57. What is the units digit of r?
8
Let v be (1 - 0)/((-4)/(-76)). Suppose -4*u - 31 = -6*u - 5*d, -3*d + 3 = -4*u. Suppose -3*b - 3*s + 15 = 0, b + 5*s = -u*b + v. What is the units digit of b?
6
Suppose 0 = -213*w + 212*w + 183. What is the units digit of w?
3
Let k = 214 + -38. What is the tens digit of k?
7
Suppose -18*q + 14*q = -76. What is the tens digit of q?
1
Let z(f) = f + 2. Let x be z(-2). Let w(g) = -2*g + 7. What is the units digit of w(x)?
7
Let w(h) = 6*h**2 - h + 1. Let j(i) = i + 4. Let k be j(-3). What is the units digit of w(k)?
6
Let o(h) = -2*h + 7. What is the tens digit of o(-8)?
2
Suppose -2*w + n = -6*w + 72, -5*w - 3*n = -83. What is the units digit of w?
9
Let q(t) = 53*t**2 - 4*t + 3. What is the tens digit of q(1)?
5
Let h(d) = -d**2 - 8*d - 2. Let x(n) = 6*n**3 + n**2 - n - 1. Let b be x(-1). What is the tens digit of h(b)?
1
Suppose -286 = -5*p - 3*t, 3*p - 101 - 57 = 5*t. What is the tens digit of p?
5
Let h(g) = -10*g + 15 + g**2 - 4*g + 0*g**2. What is the units digit of h(13)?
2
Let k(t) = t + 1. Let j be k(3). Let r be (18/j - 3)*30. Suppose -5*d = -0*d - r. What is the units digit of d?
9
Let i(t) be the third derivative of t**6/120 + t**5/15 - t**4/4 + t**3/6 - 2*t**2. What is the units digit of i(-5)?
6
What is the units digit of 3 - (-4)/(-6)*-3?
5
Let c(j) be the second derivative of 7*j**4/12 + j**3/3 - j**2/2 + j. Let z be c(1). Suppose 5*w + 4*q - 84 = -z, -4*w - q = -52. What is the units digit of w?
2
Let m(f) = f**3 - 4*f**2 - 5*f + 2. Let u be m(5). Let c be u/(1/2*4). What is the units digit of c/(-2) - (-12)/8?
1
Let y = -5 - -1. What is the units digit of -2*y/(24/45)?
5
Let o be 12 + -2 - (2 - -1). Let q = 4 + o. What is the tens digit of q?
1
Let w(l) = -l**3 - 11*l**2 + 11*l + 18. What is the units digit of w(-12)?
0
What is the units digit of (-200)/12*(-12)/5?
0
Let b(n) = n**3 + 9*n**2 + 2*n + 1. Let v be b(-7). Suppose -5*k + z = 65, -5*k + 2*z = 5*z + v. What is the units digit of (8/k)/(4/(-14))?
2
Suppose -3*b + s = -417, -b + s + 2*s + 131 = 0. Suppose -4*a + b = 40. What is the units digit of a?
5
Let q(h) = -h**3 + 3*h**2 + 3*h - 2. Let r be (-5)/3 - (-2)/(-6). Let a be 1*(2 - (r + 1)). What is the units digit of q(a)?
7
Suppose -5*p + 4*j - 20 - 7 = 0, j - 6 = p. Suppose -2*w - 9 = 1. What is the units digit of p*(w/(-3) + -3)?
4
What is the tens digit of -2 - -2*99/6?
3
What is the units digit of ((-110)/1)/(-4 - -2)?
5
Suppose -5*n = -5*i + 165, 3*i - 153 = -i - 3*n. Let a = i - 12. What is the units digit of a?
4
Let j(f) = f**3 - 7*f**2 + 9*f - 4. Let k(u) = u + 1. Let s be k(5). What is the units digit of j(s)?
4
Let a(v) = v**2 - 4*v + 2. Let m be a(4). Let l be 9/15 + (-23)/5. Let t = m - l. What is the units digit of t?
6
Let p(y) = -y**3 + 5*y**2 + 5*y - 5. What is the tens digit of p(5)?
2
Let n = 2 - 2. Suppose n*u + u - 3 = 0. Suppose -5*f - u*p + 13 = -32, -5*p - 25 = 0. What is the units digit of f?
2
Let p be -1*(0 + -2 + 2). Suppose 3 = z - p*z. Suppose 6*q - 26 = z*q - 2*u, -u + 1 = 0. What is the units digit of q?
8
Let b = 1 - -1. Suppose l - 8 = b. What is the tens digit of l?
1
What is the units digit of 6/14 + (-8172)/(-42)?
5
Suppose m - 27 = 28. What is the tens digit of m?
5
Let l = 13 + -1. What is the tens digit of l?
1
Let u = -10 - -12. Suppose 8 = -u*p + 14. What is the units digit of p?
3
Let m be 4/(-12)*(1 + -4). Let w = 6 + m. What is the units digit of w?
7
Let n(t) be the first derivative of -t**2/2 - 3*t + 2. What is the units digit of n(-6)?
3
Let b(k) = 40*k**3 + k**2 - 2*k + 1. What is the tens digit of b(1)?
4
Let i(y) = 4*y - 20. Let h be i(6). Suppose 5 = 3*g + 4*x - 21, g + 4*x - 22 = 0. Suppose -3*f + 17 = -5*m, 3*m + g*m + 21 = h*f. What is the units digit of f?
4
Suppose -4*s - 5*c = -0*c - 100, -s + 38 = -2*c. What is the units digit of s?
0
Let u(y) = 12*y**2. Let m be u(-1). Suppose -2*w = l - 11, w - l + m = -5*l. What is the units digit of w?
8
Let l = 5 + 0. Let h = l + -1. What is the units digit of h?
4
What is the tens digit of 172 + 5 - (0 - -1)?
7
Suppose 4 = -2*d + 4*d. Suppose d*v - v - 13 = 0. What is the tens digit of v?
1
Let c be (-24)/(4 + 0 - 3). Let q = -20 - c. What is the units digit of q?
4
Suppose 4*q = 13 + 15. What is the units digit of q?
7
Let s = -9 + 105. What is the units digit of s?
6
Let d = -163 - -316. What is the units digit of d?
3
Suppose -9*n - 16*n = -4925. What is the units digit of n?
7
Suppose -5*z + 67 = -33. What is the tens digit of z?
2
Let i(h) = -h**2 + 6*h - 4. Let u be i(4). Suppose -4*x = 5*r - 3, r = -u*x - 2*r + 5. Suppose 2*j = x*a - j - 5, -4*a + 65 = 5*j. What is the units digit of a?
0
What is the tens digit of 2*41 - (2 + 0 + -5)?
8
Let j be (-6)/9 + 28/6. Suppose j*y - 30 = 114. What is the units digit of y?
6
Suppose n = 58 + 2. What is the tens digit of n?
6
What is the units digit of (4 + -4 - 15/(-2))*4?
0
Let m(i) = -i**2 - 21*i - 22. What is the units digit of m(-18)?
2
Suppose 202 = -n + 3*n + 2*z, -2*n = z - 206. What is the tens digit of n?
0
Let y = -3 + 7. Suppose -k = -2*q - 7, 4*q + y = 24. What is the tens digit of k?
1
Suppose 0 = -5*j + 2*k + 78, 2*k = -2*j - 3*j + 62. Let m be 2/(2 - 0) - -1. What is the units digit of m/(-6) + j/6?
2
Let n be (8/(-10))/(10/25). Let f be n - -12 - (-1 - -4). Suppose -t = -f + 2. What is the units digit of t?
5
Let m be (-3)/((-18)/8)*3. Let n be (-5)/m - 3/(-12). Let d = n + 8. What is the units digit of d?
7
Let f be 10/(0 + 2) + 0. Suppose 3*a = -x + 14, f*a + 2*x = -x + 22. What is the units digit of a?
5
Let g(t) = -3*t + 3. Let o be g(2). Suppose -7*c + 4*c = -3, 14 = 3*z + 2*c. Let h = z + o. What is the units digit of h?
1
What is the units digit of ((-46)/6)/((-5)/(-6) + -1)?
6
Let k(d) = -d**2 - 3*d + 3. Let g be k(-3). Let h = g - -2. Suppose -h*r = -2*s + 4*s + 14, -1 = 5*s + 4*r. What is the units digit of s?
3
Let s(l) = 5*l + 23. What is the tens digit of s(0)?
2
Let c be 0/(1 - 2 - 1). Suppose c = 6*h - 4*h - 4. Suppose h*u + 5*t = -13, u - t = 3*t + 13. What is the units digit of u?
1
Suppose -6*a + 412 + 146 = 0. What is the units digit of a?
3
Suppose -4*d = 4*x - 72, d - 4*x - 42 = -d. What is the tens digit of d?
1
What is the units digit of (0 - 5)*1196/(-115)?
2
Let c = -20 + 20. Suppose -5*a + 4*b + 8 = c, -a + 3*b - 29 = -6*a. What is the units digit of a?
4
Let a(n) = 4*n**2 + n + 1. Let c be a(-1). Suppose -3*z = -2*b + 18, -9 = -c*b + 2*z + 43. Suppose -b = -4*d + 37. What is the tens digit of d?
1
Suppose z + 2*f + 24 = 5*z, -4*z = 5*f + 4. Let d = 6 - z. Suppose -d*s = -0*s - 